se 7) to base 14
-7bc1
Convert -302030011 (base 4) to base 2.
-110010001100000101
What is -117671 (base 16) in base 3?
-2011010212102
Convert -2012012121110 (base 3) to base 14.
-2249bc
14755 (base 11) to base 5
1131442
Convert -73336 (base 16) to base 14.
-c3d66
Convert -172345 (base 8) to base 10.
-62693
Convert -bd3665 (base 14) to base 7.
-105416455
3bd3b0 (base 14) to base 10
2072462
What is ce076 (base 15) in base 8?
2377015
Convert -33762230 (base 8) to base 3.
-111210120000012
What is -1038010 (base 9) in base 14?
-106d93
What is -101134112 (base 6) in base 15?
-24532e
What is -177124 (base 10) in base 11?
-111092
-ab5da (base 14) to base 6
-12523404
What is 874a2aa (base 11) in base 2?
111010101000111100110001
Convert 8068b (base 14) to base 6.
10340455
What is -3bc14 (base 15) in base 14?
-4dc23
What is 102415222 (base 6) in base 3?
10101210001012
-321204001 (base 5) to base 15
-1ba236
41504 (base 6) to base 14
206c
What is -33a2a (base 15) in base 7?
-1252660
Convert 264135 (base 8) to base 7.
532650
274c8 (base 13) to base 11
50114
Convert 251124 (base 11) to base 7.
3241544
-319c3 (base 14) to base 13
-42782
Convert -10010111000011000000 (base 2) to base 7.
-5154520
Convert -1068a6 (base 15) to base 2.
-10111110110100001101
What is -2211022010 (base 3) in base 4?
-31211013
Convert 131530011 (base 6) to base 14.
4bca6b
Convert -111ac2 (base 15) to base 6.
-25252515
What is -201787 (base 9) in base 11?
-81842
-11334242 (base 5) to base 9
-170732
What is 622442 (base 7) in base 12?
517b8
Convert 1911a5 (base 11) to base 13.
a3cc2
What is 33761 (base 9) in base 4?
11133130
What is 3164b8 (base 12) in base 16?
be04c
Convert -1021101201222 (base 3) to base 16.
-a54bb
Convert -2116171 (base 13) to base 10.
-10066915
What is 373475 (base 9) in base 15?
46cd8
What is 3034320 (base 8) in base 3?
1111200201210
Convert b77c3 (base 16) to base 15.
eca3a
What is 54643 (base 8) in base 2?
101100110100011
What is -48b19 (base 16) in base 7?
-2350041
What is -a7232 (base 11) in base 5?
-14443004
What is -2190a (base 11) in base 4?
-13233200
10011011011000110 (base 2) to base 16
136c6
What is -142a033 (base 11) in base 16?
-258319
What is 1ff15d (base 16) in base 12?
84b565
What is -196225 (base 10) in base 2?
-101111111010000001
11210001110 (base 3) to base 7
541200
What is 81500c (base 14) in base 3?
22012020120200
What is 800aa9 (base 15) in base 6?
334132053
Convert -20566 (base 10) to base 16.
-5056
What is 2120224 (base 6) in base 7?
611350
What is 1400231343 (base 5) in base 9?
6560875
4223b7 (base 14) to base 16
2217fd
Convert -212332021220 (base 4) to base 7.
-152556242
-12400141 (base 5) to base 12
-5a681
What is -280453 (base 12) in base 13?
-1a3418
What is -101011221 (base 4) in base 12?
-34609
Convert 416d25 (base 16) to base 3.
22001211201201
-10200023022 (base 4) to base 9
-2188133
What is 9bb3 (base 16) in base 10?
39859
What is 5415533 (base 9) in base 11?
1703939
305484 (base 12) to base 10
755812
-1100011110101111110011 (base 2) to base 12
-11193ab
What is -138298 (base 11) in base 16?
-34ba3
Convert 16e581 (base 15) to base 10.
1111621
Convert d68c1 (base 14) to base 2.
1111110010111101001
What is -150035103 (base 6) in base 5?
-1242144203
Convert 21220212000 (base 3) to base 15.
312d3
Convert -24a0130 (base 12) to base 8.
-33275264
-330782 (base 12) to base 3
-1112010211222
What is 2b19950 (base 12) in base 6?
511250140
-300327 (base 8) to base 3
-12000010212
-22a8c4 (base 13) to base 2
-11001000111110010110
What is 822965a (base 11) in base 12?
4a504aa
What is 2111001021 (base 3) in base 2?
1011111011101101
107402 (base 15) to base 16
bf61e
What is -a939 (base 11) in base 12?
-8435
Convert -14012815 (base 9) to base 4.
-122120310212
What is -1160373 (base 8) in base 11?
-1a9252
Convert 2120121002010 (base 3) to base 12.
5608a0
Convert 120401154 (base 6) to base 9.
4241047
What is 834eb (base 15) in base 13?
1175cc
ae7c (base 15) to base 5
2141032
What is -3012401 (base 5) in base 15?
-e2a1
Convert -397b18 (base 16) to base 11.
-2143284
Convert -9accc (base 14) to base 15.
-764cb
Convert -647567 (base 8) to base 15.
-44436
Convert 1507106 (base 9) to base 8.
3130604
Convert 23243175 (base 8) to base 10.
5064317
Convert 330241401 (base 6) to base 7.
101101306
-102120220100222 (base 3) to base 12
-20901a5
98e6 (base 16) to base 10
39142
Convert -13352454 (base 7) to base 10.
-1239837
2120134322 (base 5) to base 7
52620106
Convert -53351 (base 9) to base 16.
-89d1
Convert -e4aa (base 16) to base 13.
-2084c
What is -888075 (base 10) in base 15?
-128200
-35a16b (base 12) to base 14
-1882d5
Convert 33125004 (base 6) to base 3.
1212100201011
What is -1424275 (base 8) in base 13?
-111958
Convert 11110221102212 (base 3) to base 2.
1001000101001011011001
Convert 12d635 (base 15) to base 11.
569686
Convert 3306d (base 16) to base 12.
a0b51
-1255333100 (base 6) to base 11
-8582212
What is -4165c (base 14) in base 12?
-772aa
Convert 154228 (base 15) to base 9.
1834062
395c7 (base 16) to base 2
111001010111000111
11212001120 (base 3) to base 2
10111010100110101
What is 1040314431 (base 5) in base 2?
1000101011101110010001
Convert 473296 (base 12) to base 16.
117cd2
-22011201220 (base 3) to base 8
-472225
-a5135 (base 11) to base 5
-14400344
-3442254 (base 8) to base 15
-1370de
What is 1111011000010001011000 (base 2) in base 8?
17302130
214243302 (base 5) to base 4
3203110011
Convert 10310022 (base 4) to base 6.
231150
Convert 1839034 (base 12) to base 2.
10011010001111111101000
5a2612 (base 12) to base 15
1db56e
What is 1166641 (base 7) in base 8?
447313
What is 8418b (base 13) in base 7?
2006411
What is 110010101010100100101110 (base 2) in base 5?
11400002312
-637102 (base 8) to base 16
-33e42
What is -120202112010 (base 4) in base 8?
-30422604
Convert 10011001011100010110 (base 2) to base 4.
2121130112
Convert -1625bb (base 14) to base 11.
-48a263
58537 (base 12) to base 5
12241032
2400747 (base 10) to base 4
21022013223
-740178 (base 11) to base 3
-2020021001122
19b451 (base 12) to base 9
763247
Convert -242143542 (base 6) to base 4.
-101133221312
Convert -dc32 (base 16) to base 2.
-1101110000110010
What is -1210350 (base 6) in base 7?
-353355
What is -16416 (base 16) in base 13?
-32652
-ec6d (base 16) to base 7
-341313
What is 42466146 (base 8) in base 14?
12c203c
-4255316 (base 7) to base 10
-518090
What is 36924e (base 15) in base 3?
11220202001102
What is 102446 (base 12) in base 4?
331233312
Convert -2004141 (base 6) to base 9.
-153237
Convert d0747 (base 14) to base 11.
312322
What is -239b9a (base 14) in base 6?
-42034204
20142031 (base 5) to base 6
3250353
-161ac (base 14) to base 9
-83674
Convert 111001001100010001111 (base 2) to base 10.
1874063
What is -10011001110011110 (base 2) in base 6?
-1404330
Convert 11101100201 (base 3) to base 9.
141321
-98854 (base 10) to base 3
-12000121021
Convert 230321500 (base 6) to base 7.
50625552
Convert -15d7b (base 14) to base 5.
-3223133
What is -5449 (base 15) in base 16?
-45b4
What is 10101110011110111100 (base 2) in base 11?
448a53
Convert -101000122210 (base 3) to base 5.
-22303220
-22355666 (base 7) to base 12
-79a7ab
What is -10000111111101101000 (base 2) in base 6?
-15534132
-3c49c (base 13) to base 15
-23687
549674 (base 10) to base 7
4446356
Convert 15d14 (base 15) to base 13.
260aa
Convert -2069b7 (base 12) to base 11.
-318852
What is 322212232 (base 4) in base 15?
4b1d1
Convert -32210101 (base 4) to base 9.
-100754
What is -2708040 (base 9) in base 5?
-334411333
-335432 (base 9) to base 2
-110001000001111100
Convert 3230121 (base 4) to base 12.
8909
What is 3334112 (base 5) in base 16?
e521
-c3861 (base 13) to base 10
-350754
What is 1553133 (base 8) in base 10?
448091
What is -33b2 (base 15) in base 3?
-120001012
Convert 14033342 (base 6) to base 10.
471230
What is -202221211210 (base 3) in base 7?
-3335424
Convert 135aa2 (base 12) to base 11.
1aa399
Convert 2102203133 (base 4) to base 11.
380006
What is 2bd3c (base 15) in base 12?
69979
2111100111222 (base 3) to base 11
826021
Convert 19b0a (base 12) to base 10.
37882
c456cc (base 16) to base 14
19cd352
What is -807652 (base 9) in base 10?
-478028
Convert 28408208 (base 9) to base 3.
222110022020022
102000201001221 (base 3